9*n + 56. What is the remainder when y(5) is divided by r?
9
What is the remainder when ((2880/(-35))/8)/(1/(-49)) is divided by 23?
21
Suppose -7*u + 72 = -5*u. What is the remainder when (u/(-14))/((-9)/42) is divided by 5?
2
Suppose 2*y = -76 + 64. What is the remainder when 2164/14 + 12*y/(-168) is divided by 12?
11
Suppose 3*h + 4*r - 476 = -h, -2*r + 10 = 0. Suppose 3*b + a = 139 - 6, 171 = 4*b - 5*a. Let w = b + -5. What is the remainder when h is divided by w?
36
Let y(w) = -w**3 - 8*w**2 - 4*w - 1. Let g be y(-3). Calculate the remainder when 74 is divided by (-4 + g/(-6))*15.
24
Let z(i) = -10*i + 8. What is the remainder when (-3)/15 - 1248/(-15) is divided by z(-2)?
27
Let g(n) = -n**3 - 9*n**2 + 12*n + 20. Calculate the remainder when g(-11) is divided by 54.
22
Let k(b) = 31*b + 11. Let w(m) = 16*m + 5. Let u(l) = -3*k(l) + 5*w(l). Calculate the remainder when 32 is divided by u(-2).
14
Suppose 222*c - 226*c = -2036. What is the remainder when c is divided by 34?
33
Let a(n) = n**2 - 2*n - 2. Let z be a(-2). Suppose 0*b = z*b - 18. Suppose -5*w + 2*w - 15 = 0, y = 3*w + 20. What is the remainder when y is divided by b?
2
Let y = 181 - 117. Calculate the remainder when y is divided by 40.
24
Suppose 0 = -25*j + 121 + 54. What is the remainder when 55 is divided by j?
6
Suppose 5*t = -y + 76, -t = 5*y - 2*t - 406. Calculate the remainder when 404 is divided by y.
80
Let j(k) = 40*k**2 - k. Let p be j(-1). Suppose -p + 19 = -2*c. Let h(y) = 3*y**2 + 7*y + 2. What is the remainder when h(-5) is divided by c?
9
Suppose g + c + 3 = 2, -4*c = -g + 24. Let j be (9/(-6))/((-9)/228). Suppose -g*q = 10 - j. Calculate the remainder when 25 is divided by q.
4
Suppose 534 = 88*t - 86*t. What is the remainder when t is divided by 9?
6
Let x(m) be the first derivative of -m**3/3 - 3*m**2 - 3*m + 5. Let d be x(-5). Suppose -f + 39 = d*f. What is the remainder when 38 is divided by f?
12
Suppose 2 = 2*k - 6. Suppose 0*g - 3*x = -k*g + 85, x = 4*g - 87. Calculate the remainder when g is divided by 5.
2
Let r(p) = -p - 4. Let j be r(4). Let a(s) = -17*s - 9. Calculate the remainder when a(j) is divided by 26.
23
Let s = -64 - -19. Calculate the remainder when 16 is divided by -3 - s/((-25)/(-5)).
4
Let v = 2000 - 1758. What is the remainder when v is divided by 9?
8
Suppose -36130 = -16*j - 6578. Calculate the remainder when j is divided by 14.
13
Let d be (2/(-3))/(2/(-21)). Let l = d + -6. Calculate the remainder when l is divided by (-2)/(-3) - (-1)/3.
0
Let q = -4093 + 4103. What is the remainder when (-158)/(-6) - (-2)/3 is divided by q?
7
Let c(t) = 19*t**3 + t**2 + 18*t - 18. What is the remainder when 68 is divided by c(1)?
8
Suppose -3*x - 2*x = 0. Suppose x = o + 3, -o - 2*o + 219 = 2*r. Suppose 4*v = 4*d - 50 - r, -d + 3*v + 43 = 0. What is the remainder when d is divided by 14?
12
Suppose 5*q + 7 = -13. Let s be -15 - 4/(q/3). Let b(c) = -2*c - 11. Calculate the remainder when 37 is divided by b(s).
11
What is the remainder when 366 is divided by 1911/196 + 3*(-1)/(-12)?
6
Let b(p) = -2*p + 4*p - 2 - p**2 + 3*p. Let k(y) = 2*y**2 - 28*y + 69. Calculate the remainder when b(3) is divided by k(11).
1
Let r(d) = -2*d**2 - 64*d - 460. Let z(s) = -2*s - 2. Let h be z(2). What is the remainder when r(-13) is divided by h/(-15) + 88/5?
16
Suppose -5*j = 5*w - j + 20, -2*j - 10 = -2*w. Suppose -4*l + 34 = 3*q, -q + w*q + 4*l = -6. Calculate the remainder when 36 is divided by q.
6
Let x(i) = 151*i**3 + 7*i**2 - 9*i + 3. What is the remainder when x(1) is divided by 26?
22
Let i(p) = -101*p + 559. What is the remainder when 168 is divided by i(5)?
6
Suppose 5 = -m + 1, 32 = 4*h + 2*m. Suppose 0 = 3*r - 2*r - h. Calculate the remainder when (2/4)/(3/114) is divided by r.
9
Let x = 60 - 9. Suppose -b - 3*b = -r + 17, -3*r + 3*b + x = 0. Calculate the remainder when 50 is divided by r.
16
Let p be -6*(-10)/(-15) - -90. Suppose p = 5*x - 19. Calculate the remainder when x is divided by 12.
9
Let t(g) = -85*g - 223. Calculate the remainder when 460 is divided by t(-4).
109
Suppose 2*s - 99 = -5*u + 316, 3*u - 5*s = 218. What is the remainder when u is divided by 2 + -1 + -1 - -23?
12
Suppose -p + 5 = -0. Let q(d) = 2*d**2 - 3*d - 5. What is the remainder when q(p) is divided by (-5)/10 - 17/(-2)?
6
Let m = 226 + -203. Calculate the remainder when 65 is divided by m.
19
What is the remainder when 167 is divided by 12/(-20) + (-28)/35*-107?
82
Suppose 4*w = 9*w - 4*b - 67, -4*w + 4*b = -56. What is the remainder when 29 is divided by w?
7
Calculate the remainder when (-2)/3*(-183 - -84) is divided by 23.
20
Let r be ((1 + 1)*1)/((-2)/77). Let l = r + 92. What is the remainder when 40 is divided by l?
10
Let r = 16 + 12. Let p = 22 + r. Suppose y = -2*y + 39. Calculate the remainder when p is divided by y.
11
What is the remainder when 83 is divided by 8/4 + 53 + -12?
40
Calculate the remainder when (23/(-2))/(5 - (-51)/(-10)) is divided by 24.
19
Suppose 12*n + 6 = 438. What is the remainder when 573 is divided by n?
33
Let x = -423 - -454. What is the remainder when x is divided by 24?
7
Let n = -83 + 80. Calculate the remainder when (-7)/(-21) + (-92)/n is divided by 7.
3
What is the remainder when 144 is divided by (0 - (-279)/6) + 150/(-60)?
12
Let k(f) = f**2 - 5*f. Let i be k(4). Let s = i - -11. Suppose s*x = 5*x + 22. What is the remainder when x is divided by 3?
2
Suppose -o + 2*j + 165 = 0, -5*o + 2*o = 5*j - 539. Calculate the remainder when o is divided by 32.
13
Suppose -5 = -4*j + 7. Let w be (-22)/33 + 2/j. Let q = 23 - w. What is the remainder when q is divided by 8?
7
Let r(s) = s**2 + 35*s + 177. Calculate the remainder when 102 is divided by r(-5).
21
Let d(i) = i**2 + 4*i - 5. Let o be d(-7). Calculate the remainder when 50 is divided by ((-216)/o)/(6/(-8)).
14
Suppose 3*j - 5*k = 697, 2*j + 141*k - 467 = 142*k. What is the remainder when j is divided by 7?
3
Suppose 2*x - 3*r = 152, -x + 87 = 3*r + r. Let w = 18 - 19. Let i = w - -28. Calculate the remainder when x is divided by i.
25
Let f(o) = 2*o - 6. Suppose -b = 2*c - 6*c + 118, -c = 2*b - 34. Let v = c + -24. What is the remainder when v is divided by f(5)?
2
Suppose 207 = -22*n + 625. Calculate the remainder when 176 is divided by n.
5
Suppose 10*f - 14*f = 0, 5*g = 5*f + 655. Calculate the remainder when 263 is divided by g.
1
Let r(t) = -11*t - 52. Calculate the remainder when r(-5) is divided by 3.
0
Suppose q - 3*j = 19, q - 2*j = -3 + 23. Let f(l) = -3*l - 6. Let p be f(-8). Suppose -p = -n - 2*n. What is the remainder when q is divided by n?
4
Calculate the remainder when 79 is divided by (-7 - 2)*(1 + 2*-1).
7
Suppose -184*o - 1 - 19 = -188*o. Suppose 5*y - 46 = -0*c + c, 0 = -5*c - 5. What is the remainder when y is divided by o?
4
Suppose -8*v = -48 - 680. Let h = 37 + 32. What is the remainder when h is divided by v/5 - 16/80?
15
Suppose 8*t - 7*t = 0. Suppose t = -10*d + 98 + 142. What is the remainder when 71 is divided by d?
23
Let y be 10/2*1 - 2. Suppose -y*r + 41 - 2 = 0. Let g = 571 - 521. Calculate the remainder when g is divided by r.
11
Let s be 2/7 - 594/(-77). Let h be 1/(4/(-2*s)). Calculate the remainder when 41 is divided by 13 - 1 - (h + 5).
8
Suppose 19*t - 96 = -g + 20*t, 2*t - 308 = -3*g. What is the remainder when g is divided by 89?
11
Suppose 2*b = -2*z + 572, 4*z + 4*b - 6*b - 1126 = 0. Calculate the remainder when z is divided by 71.
70
Let b(g) = 2*g**2 + 2*g + 157. Let d = 566 + -556. Calculate the remainder when b(0) is divided by d.
7
Calculate the remainder when (58/29)/((-12236)/(-4078) + -3) is divided by 102.
100
Let s(v) = v**2 + 6*v + 11. Suppose m + x = -19, 4*x + 28 = -m - 0*x. Let f be 32/m + (-3 - 0). Calculate the remainder when 10 is divided by s(f).
4
Let t = -104 + 108. Suppose -730 = -t*r + 58. What is the remainder when r is divided by 50?
47
Let v = -2307 - -3856. What is the remainder when v is divided by 16?
13
Let a(x) = x**2 + 2*x - 9. Let r(u) = u - 11. Let s(q) = 2*q - 21. Let f(o) = -10*r(o) + 6*s(o). What is the remainder when a(6) is divided by f(15)?
11
Suppose 5*c - 3*c = p + 741, -4*c = -3*p - 1483. What is the remainder when c is divided by 183?
4
Suppose -o = 2*l - 0*l - 25, -5*l = 2*o - 61. Let z(i) = 